232 - -123941. What are the prime factors of u?
3, 6301
Let j = -6 - -49. Suppose -2*n - j = -119. Let g = 205 - n. List the prime factors of g.
167
Let v(k) = -10*k - 66. Let d be v(-7). Suppose 5*m = 143 + 82. Suppose -9*a + m = -d*a. List the prime factors of a.
3
Let j(k) = -27*k - 9. Let d(o) be the third derivative of 55*o**4/24 + 19*o**3/6 + 13*o**2. Let v(t) = 4*d(t) + 7*j(t). List the prime factors of v(7).
2, 5, 23
Let g = -109 + 111. List the prime factors of 336/g - 3*(-8)/12.
2, 5, 17
Let g(z) = 254*z + 63. Let h(s) = 257*s + 63. Let n(y) = 7*g(y) - 6*h(y). What are the prime factors of n(3)?
3, 257
Let t = 239 + -236. Suppose -59 = -3*c + 235. Suppose -t*l + c = 17. What are the prime factors of l?
3
What are the prime factors of (-3591)/(-273) - 13 - (4781532/39)/(-4)?
3, 17, 601
Let b be ((110/(-7))/(128/(-224)))/((-3)/6). Suppose 5*m = 3*m - 378. Let q = b - m. What are the prime factors of q?
2, 67
Let r(n) be the second derivative of n**3/2 + 4*n**2 - 5*n. Let u be r(10). Suppose -94 - u = -2*b. What are the prime factors of b?
2, 3, 11
Let n(b) = -66*b**3 + 7*b**2 + 44*b + 193. List the prime factors of n(-5).
2, 13, 17, 19
Suppose 2*r - 61 = r + 4*u, 0 = 5*r - 3*u - 254. What are the prime factors of r/(-14)*9*-2 + 1?
2
Suppose 3*n + n = -20. Let y be (n/2*-1)/((-1)/(-2)). Suppose 2*r = -y*m + 107, -2*r + 6*m - 4*m + 72 = 0. What are the prime factors of r?
41
Suppose 3*u - 5315 = -2*u. Let k be ((-33)/12 - 15/(-20))*-1. Suppose k + 1 = g, 5*j - 4*g - u = 0. What are the prime factors of j?
5, 43
Let g(l) = -1670*l - 10607. What are the prime factors of g(-35)?
47843
Let m(w) = 10*w**2 + 20*w - 26. Suppose 4*z + 11 = -4*g + 43, -10 = -5*g. What are the prime factors of m(z)?
2, 227
Suppose 0 = -x + 11 - 8. Suppose -768 = -2*y + x*b, 6*b = b + 20. Let n = y - 194. List the prime factors of n.
2, 7
Let h(l) be the third derivative of -12*l**2 + 1/30*l**5 + 0*l - 1/6*l**3 + 1/6*l**4 - 13/120*l**6 + 0. List the prime factors of h(-2).
103
Suppose 82*p = -4*p + 4286015 - 1383515. List the prime factors of p.
2, 3, 5
Suppose 23*f + 225372 = 44*f. What are the prime factors of f?
2, 2683
Suppose 28747 = 3*x + j, -26019 - 12301 = -4*x + j. What are the prime factors of x?
11, 13, 67
Suppose -1463211 + 5842890 = 195*p - 4667931. What are the prime factors of p?
2, 3, 11, 19, 37
Suppose -4*s + 17 = -19. Let r = 52 - s. Suppose 6*p - r = 47. List the prime factors of p.
3, 5
Let j(p) = 10*p - 6. Let f(h) = 10*h**2 + h + 1. Let x be f(-1). Let o be j(x). Suppose -o - 65 = -3*z. List the prime factors of z.
53
Let v(h) = -h**3 + 18*h**2 + 46*h - 26. Let s be v(19). Suppose 488*q - s*q - 667 = 0. What are the prime factors of q?
23, 29
Let r = 34 - -130. Let v = -440 + 444. Suppose -v*x = r - 436. What are the prime factors of x?
2, 17
Suppose 2*w - 4*w = 2*r - 124938, 0 = 3*r + 9. What are the prime factors of w?
2, 3, 19, 137
Let k(j) = -2*j**3 - 6*j**2 - 3*j + 12. Let f be k(-3). Suppose f*d = 31*d - 1280. List the prime factors of d.
2
Let g be 77046/21 - (-12)/(-14). Suppose -c + 8*c - g = 0. List the prime factors of c.
2, 131
Suppose 5*n - 3*n - 6033 = -3*t, -3*n - 3*t = -9057. List the prime factors of n.
2, 3, 7
What are the prime factors of 1 - (-1*17921 - 35/((-630)/36))?
2, 5, 7
Let g be 3/((-33)/(-11770)) + (-2)/(-2). Suppose -i + 3857 = 5*b + g, i = -4. List the prime factors of b.
2, 3, 31
Suppose -71 = 3*x - 4*w, 2*x - 5*w + 52 = 7. Let u = -20 + x. Let f = 146 + u. What are the prime factors of f?
101
Let w = 13906 - 9904. List the prime factors of w.
2, 3, 23, 29
Suppose 2*m - 3*u - 15 = 0, 7*m + 2*u = 4*m - 10. What are the prime factors of (1*349)/((m - -12)/12)?
349
Let b(x) = x**2 + 1. Let g(p) = 6*p**2 + 17*p - 29. Let v(w) = -5*b(w) + g(w). List the prime factors of v(-20).
2, 13
Suppose -5*u + 42 = -2*u + c, -c = -3*u + 42. Suppose -21*k + u*k = -3206. List the prime factors of k.
2, 229
Let x = 43 - 40. Suppose 8 = x*k + k. What are the prime factors of (k + 9)*(-10 + 15)?
5, 11
Suppose -5*q = -f + 62879, -3*q - 125737 = 8*f - 10*f. What are the prime factors of 25/(-20) + f/64?
3, 109
Let d(i) = 155*i**2 - i + 2. Let j be -2*((-39)/(-6) - 5). What are the prime factors of d(j)?
2, 5, 7
Let b = -50 + 47. Let s(k) = -k**3 - 2*k**2 - k + 2. Let y be s(b). Suppose c - y = -2. What are the prime factors of c?
2, 3
Let b(f) = 35*f**3 + 6*f**2 - 2*f + 5. Suppose -2*k = 5*u - 11, -5*u + 0 = -5. List the prime factors of b(k).
2, 499
Let h be (-20)/(-5) + -8 - 1. Let o(d) = 16*d**2 + 20*d - 10. List the prime factors of o(h).
2, 5, 29
Suppose 324211 = 153*s - 146582 - 106017. List the prime factors of s.
2, 5, 13, 29
Suppose -426*x + 9906 = -452*x. Let r(l) = -l**3 + 6*l**2 + 4*l. Let n be r(11). Let c = x - n. List the prime factors of c.
2, 3, 5
Suppose 102*b = 109*b - 413. Suppose -65*l + b*l + 6474 = 0. What are the prime factors of l?
13, 83
Let q(j) = -8*j - j + 16 + 2*j. Suppose 80*y - 98 = 87*y. List the prime factors of q(y).
2, 3, 19
Let z(l) = l + 6. Suppose -16*h + 21*h + 5 = 0. Let r be z(h). Suppose r*j = 5*k + 1320, 2*k - 1 = -7. List the prime factors of j.
3, 29
Suppose 135528 = 18*s + 35309 - 42107. List the prime factors of s.
7907
Let x(b) = 30*b**3 - 2*b**2 + b - 1. Let t be x(1). Let v be 1/1*(25 - 13). Suppose t = 2*w + v*w. List the prime factors of w.
2
List the prime factors of (28 - 9) + 54893 + 31.
7, 47, 167
Let o = 12114 - 4759. What are the prime factors of o?
5, 1471
Suppose -4*u + m - 4*m + 85 = 0, 4*u - 79 = -m. Suppose -u*r = -24*r + 4935. List the prime factors of r.
3, 7, 47
Suppose 5*c = -n + 2156, 0 = 2*c - 79 + 75. What are the prime factors of n?
2, 29, 37
Let r be ((-99)/(-6) - -3)*(6 - 4). Suppose j - r = -37. Suppose -2*o + 316 = 2*n, o - 38 - 117 = j*n. List the prime factors of o.
157
Suppose 4*d - 5*j - 97896 = 0, 0 = -4*d - 7*j - j + 97896. What are the prime factors of d?
2, 3, 4079
Let g be -1*(-12)/8*(-12)/(-9). Suppose -g*n - 10 = -14. Suppose 0 = 2*y + n*y + 2*d - 686, -2*y = -2*d - 352. What are the prime factors of y?
173
List the prime factors of ((-135004)/(-38))/(728/6916).
33751
Let c(u) = 2*u - 49. Let f be c(27). Suppose -71 = -f*s + 114. What are the prime factors of s?
37
Let m = -50471 - -20834. What are the prime factors of m/(-45) - 9/15?
2, 7, 47
Let m be 44*(-358)/(-8) - -2. Suppose m = 28*s - 12925. What are the prime factors of s?
2, 7, 19
Let u be (-1 - 2 - -3569)*1. Suppose 7*k = 704 + u. What are the prime factors of k/25 - (6/(-10) + 0)?
5
Suppose -2*k + 62 - 14 = 0. Suppose 6*n = -0 - k. List the prime factors of (10 - n)*((-9)/(-2))/3.
3, 7
Suppose -2*y + 5*s + 8 = 0, y - 46 + 42 = -3*s. Suppose -82 = -v - v + 5*f, 0 = 5*v + 3*f - 143. Suppose 431 = y*c + v. What are the prime factors of c?
2, 5
Let d(k) = -8*k + 20. Let y(h) = 8*h - 22. Let p(o) = -4*d(o) - 3*y(o). Let b(g) = 17*g - 30. Let n(a) = -3*b(a) + 5*p(a). What are the prime factors of n(-21)?
251
Let t = -568 + 1939. Suppose 582*h = 585*h - t. List the prime factors of h.
457
Suppose -2*i - 5*q = -6*i + 523, -4*q = 3*i - 400. Suppose 16*s + 36 = i. Suppose -8*v = -s*v - 140. What are the prime factors of v?
2, 5, 7
Suppose 4*r - 24937 = 9*f - 8*f, -5*r + 31170 = -f. What are the prime factors of r?
23, 271
Suppose 773*x = 780*x - 3430. Suppose i = v + x, -5*i = -8*i - 2*v + 1475. What are the prime factors of i?
491
Suppose 3*f - 582 = 273. Let o = f - 2. What are the prime factors of o?
283
Suppose -44*d = -42*d - 42. Suppose 29 - d = 4*a. What are the prime factors of (-2 + a - -1) + 137?
2, 3, 23
Suppose -53*x + 56*x = -15. What are the prime factors of 1 - x - (-10032)/19?
2, 3, 89
Let y = 3878 - -4478. List the prime factors of y.
2, 2089
Let q(k) = 4*k**2 + 1. Let u be q(-1). Let s(z) = 5*z + 8. Let l be s(u). What are the prime factors of 378/22 + (-105)/l + 3?
17
Suppose 70*l = 73*l - 2*r - 36642, 2*l = r + 24428. List the prime factors of l.
2, 31, 197
Let h(i) = -9*i - 148. Let y be h(-17). Suppose 2*k + y*k = 2541. List the prime factors of k.
3, 11
Suppose 2*k - 6119 = -1589. Suppose -2*s - 3*q = -k, 1113 = s - 7*q + 2*q. Suppose 7*t - s = -92. What are the prime factors of t?
2, 37
Suppose -4*i - n = -348588, -261441 = -3*i + 177*n - 173*n. List the prime factors of